l(u) = 3*u**3 + 89*u**2 + 73*u + 66. Calculate l(-29).
-369
Let p(n) = n**2 + 379*n - 2692. Calculate p(7).
10
Let y(o) = 6*o**2 - 31*o + 153. Give y(5).
148
Let h(p) = 429*p + 1505. Determine h(-3).
218
Let v(x) = -x**3 - 32*x**2 - 243*x + 236. Determine v(-17).
32
Let f(d) = -d**3 + 36*d**2 - 311*d - 3. Determine f(21).
81
Let m(i) = i**2 - 22*i + 161. Determine m(9).
44
Let w(l) = -1881*l - 5612. Give w(-3).
31
Let q(g) = -118*g + 246. Give q(2).
10
Let h(b) = -10*b**2 + 198*b + 27. What is h(20)?
-13
Let u(l) = 35*l - 1830. Determine u(52).
-10
Let u(s) = 348*s + 8327. What is u(-24)?
-25
Let j(x) = -x**2 - 327*x - 2862. Calculate j(-9).
0
Let s(p) = -p**3 + 60*p**2 + 327*p - 139. Give s(65).
-9
Let f(c) = -226*c + 13794. Determine f(61).
8
Let v(n) = n**3 + 18*n**2 + 89*n - 10. Determine v(-7).
-94
Let k(x) = 603*x - 1. Determine k(0).
-1
Let v(u) = -2*u**2 - 348*u + 5236. Calculate v(-188).
-28
Let t(z) = -z**3 - 12*z**2 + 33*z + 277. What is t(-13)?
17
Let t(v) = v**3 + 14*v**2 + 11*v + 145. Calculate t(-14).
-9
Let i(z) = 10*z**2 - 39*z + 24. Give i(3).
-3
Let j(m) = 2*m**3 - 153*m - 496. Give j(-4).
-12
Let o(i) = 3*i**2 - 3*i - 35. Give o(8).
133
Let a(g) = g**3 + 31*g**2 - 138*g + 68. Calculate a(-35).
-2
Let j(w) = w**3 + 12*w**2 + 53*w + 123. Determine j(-7).
-3
Let q(m) = -19*m**3 + 3*m**2 - 2. Determine q(-1).
20
Let k(w) = 32*w + 9. Give k(3).
105
Let q(i) = i**3 - 5*i**2 - i - 14. Calculate q(6).
16
Let i(d) = -9*d**2 - 115*d - 177. What is i(-11)?
-1
Let i(q) = q**2 - 8*q - 50. Give i(0).
-50
Let x(a) = 2*a**3 + 151*a**2 + 222*a - 2. What is x(-74)?
-2
Let n(q) = 9*q**2 - 20*q - 144. Give n(9).
405
Let l(d) = -780*d + 3104. Calculate l(4).
-16
Let n(s) = -s**3 - 43*s**2 + 96*s + 281. What is n(-45)?
11
Let t(c) = 13*c + 458. Determine t(-33).
29
Let d(n) = n - 191. What is d(-39)?
-230
Let j(r) = 498*r**3 - 2*r**2 - 11*r - 8. Calculate j(-1).
-497
Let h(r) = -r**2 - 18*r + 15. Determine h(-29).
-304
Let l(r) = 4*r**3 + 9*r**2. Determine l(-3).
-27
Let s(v) = 42*v**2 + 58*v - 71. Calculate s(-4).
369
Let o(k) = 19*k + 108. Calculate o(0).
108
Let u(z) = -z**3 - 22*z**2 + 453*z + 4. What is u(13)?
-22
Let i(y) = 184*y + 3332. What is i(-19)?
-164
Let h(a) = -6*a**2 + 90*a - 343. What is h(7)?
-7
Let v(r) = 2*r**2 + 84*r - 6121. Give v(-80).
-41
Let p(k) = 5*k**3 - 22*k**2 + 25*k - 32. Determine p(4).
36
Let b(r) = 4*r**3 + r**2 - 15*r + 1. Determine b(0).
1
Let l(o) = -2*o**2 - 25*o + 362. Determine l(12).
-226
Let g(l) = -2*l**3 + 59*l**2 - 352*l - 162. What is g(9)?
-9
Let g(u) = -u**3 + 10*u**2 - 58*u + 376. Determine g(7).
117
Let w(a) = 12*a - 288. Calculate w(34).
120
Let o(n) = -2*n**2 + 424*n - 1668. What is o(208)?
-4
Let c(x) = -x**3 - 2*x - 67. What is c(0)?
-67
Let k(d) = -5*d**3 + 3*d + 4. Calculate k(3).
-122
Let z(j) = -619*j - 4953. Calculate z(-8).
-1
Let j(u) = -33*u**2 - 3*u - 19. Calculate j(-3).
-307
Let o(u) = 41*u + 101. Determine o(-11).
-350
Let s(a) = -334*a - 4347. Calculate s(-13).
-5
Let u(k) = 136*k + 78. What is u(-1)?
-58
Let k(f) = -5*f**2 + 133*f + 21. What is k(27)?
-33
Let x(h) = -h**3 - h**2 + 9*h - 5. Give x(2).
1
Let t(m) = -5*m**3 - 4*m**2 - 5*m - 2. Give t(-2).
32
Let k(u) = u**3 - 6*u**2 + 57*u - 336. Calculate k(7).
112
Let t(g) = -7499*g - 97489. Determine t(-13).
-2
Let m(p) = p**2 + 22*p + 149. Calculate m(-23).
172
Let m(c) = -c**2 + 40*c - 369. Determine m(23).
22
Let q(c) = 3*c**3 + c**2 - 23*c + 44. Determine q(3).
65
Let q(u) = -8*u**2 - 16*u + 70. What is q(8)?
-570
Let l(d) = -4*d**2 - 57*d + 17. Give l(-18).
-253
Let f(u) = -4*u**3 - u**2 - 88*u + 171. What is f(2)?
-41
Let x(g) = 2*g**2 + 437*g - 6036. Give x(13).
-17
Let y(r) = 2*r**3 + 33*r**2 - 53*r + 30. Give y(-18).
12
Let m(j) = 18*j**2 - 549*j + 2958. Calculate m(7).
-3
Let h(q) = 275*q + 126. What is h(-2)?
-424
Let y(s) = -2*s**2 + 351*s - 350. Determine y(1).
-1
Let o(f) = 82*f + 324. Give o(-4).
-4
Let f(s) = 45*s + 4635. Determine f(-103).
0
Let l(b) = b**3 - b**2 - 512*b - 141. What is l(-22)?
-9
Let c(b) = -b**3 - 52*b**2 + 1100*b + 822. Give c(-68).
6
Let g(c) = 1408*c + 23929. What is g(-17)?
-7
Let z(p) = -p**3 + 27*p**2 + 31*p - 49. Calculate z(28).
35
Let b(o) = -2*o**2 - 58*o + 13. Give b(-25).
213
Let w(r) = -7*r - 479. Calculate w(-50).
-129
Let z(y) = 3*y**2 - 41*y - 335. Give z(-6).
19
Let d(a) = -8*a - 41. Give d(-16).
87
Let h(s) = 2*s**3 + 257*s**2 + 7083*s + 117. Give h(-40).
-3
Let w(d) = -2*d**3 + 11*d**2 - 31*d + 102. Calculate w(6).
-120
Let g(m) = -12*m - 33. What is g(3)?
-69
Let u(h) = 2*h**3 - 19*h**2 + 24*h + 20. Determine u(7).
-57
Let l(h) = -42*h + 67. Give l(0).
67
Let u(d) = -44*d + 883. Calculate u(20).
3
Let d(w) = -93*w**2 + 753*w - 68. Determine d(8).
4
Let t(r) = 8*r - 23. What is t(-7)?
-79
Let s(g) = -2*g**3 + 40*g**2 + 48*g - 9. What is s(21)?
117
Let y(f) = 2*f**3 + 10*f**2 + 20*f + 27. Determine y(0).
27
Let i(m) = 2*m**3 - 28*m**2 + 54*m + 86. Calculate i(11).
-46
Let u(m) = 3*m**2 + 277*m - 9973. What is u(-120)?
-13
Let v(p) = 4*p**2 + 159*p + 1324. What is v(-29)?
77
Let q(j) = j**2 + 15*j - 164. What is q(-22)?
-10
Let k(p) = -2*p**2 + 17*p + 132. What is k(-8)?
-132
Let w(g) = 3*g**2 + 35*g - 1. Determine w(-10).
-51
Let z(j) = 1071*j - 4315. Give z(4).
-31
Let c(t) = 696*t - 24365. Calculate c(35).
-5
Let c(r) = -235*r + 8674. Calculate c(37).
-21
Let r(b) = 12*b + 163. Determine r(-15).
-17
Let n(j) = -11*j - 473. Determine n(-46).
33
Let b(k) = 2*k**2 + 63*k - 358. What is b(5)?
7
Let q(u) = -12*u + 130. Give q(13).
-26
Let w(u) = u**3 + 24*u**2 + 25*u - 35. Give w(-21).
763
Let o(v) = 142*v - 13785. Give o(97).
-11
Let b(m) = -2*m**3 - 90*m**2 - 13*m - 70. Calculate b(-45).
515
Let s(z) = z**3 + 120*z**2 - z - 130. Determine s(-120).
-10
Let l(u) = u**2 + 67*u + 814. Determine l(-51).
-2
Let v(o) = 68*o**2 - 25*o - 30. Give v(-1).
63
Let n(p) = 6*p**2 - 7*p + 35. Give n(4).
103
Let b(m) = -357*m - 731. Calculate b(-2).
-17
Let j(p) = p**2 - 13*p - 179. Determine j(-10).
51
Let a(x) = -3*x**2 + 22*x - 31. Give a(1).
-12
Let z(h) = -h**2 - 44*h + 34. Determine z(-18).
502
Let b(x) = -102*x + 12951. What is b(127)?
-3
Let x(g) = -157*g**2 - 182*g - 20. Give x(-1).
5
Let a(u) = -u**2 + 87*u - 1371. Give a(21).
15
Let h(b) = 9*b**2 + 1240*b + 2182. Give h(-136).
6
Let a(s) = -24*s - 288. Calculate a(-7).
-120
Let l(p) = 31*p - 28. Determine l(1).
3
Let g(w) = 12*w - 54. Give g(14).
114
Let k(v) = 16*v + 757. Determine k(-46).
21
Let v(u) = -2*u - 182. Determine v(-81).
-20
Let a(l) = -l**3 + 12*l**2 + 1829*l - 21958. Determine a(12).
-10
Let w(p) = -p**3 + 83*p**2 - 456*p + 566. Give w(4).
6
Let t(x) = 260*x + 434. Determine t(-2).
-86
Let p(m) = 40*m + 1709. Determine p(-41).
69
Let c(w) = -w**2 + 19*w + 126. Give c(21).
84
Let q(v) = -5*v**2 - 19*v + 67. What is q(5)?
-153
Let u(c) = c**2 - 552*c - 7340. Determine u(-13).
5
Let u(j) = -j**3 + 14*j**2 - 20*j - 192. Calculate u(11).
-49
Let m(b) = 75*b - 4045. Calculate m(54).
5
Let v(z) = -4*z + 332. What is v(80)?
12
Let h(t) = 21*t + 347. Calculate h(-17).
-10
Let c(s) = -8*s**2 - 27*s + 71. Calculate c(3).
-82
Let n(p) = 3*p**2 + 167*p - 1246. Determine n(7).
70
Let r(x) = x**2 + 923*x + 11793. What is r(-13)?
-37
Let t(d) = 116*d**2 - 22*d - 23. What is t(-1)?
115
Let r(i) = -i**3 - 6*i**2 - 55*i - 193. Determine r(-5).
57
Let g(n) = -n**3 - 15*n**2 - 15*n - 1. Give g(-14).
13
Let w(f) = 200*f**2 + 2*f + 3. Calculate w(-1).
201
Let j(v) = 30*v + 36. Calculate j(-5).
-114
Let r(f) = -16*f**2 - 17*f - 1. What is r(-3)?
-94
Let h(o) = o + 40. Give h(-6).
34
Let t(z) = 2*z**2 + 37*z + 14. Determine t(-8).
-154
Let z(i) = -181*i - 13575. What is z(-75)?
0
Let p(s) = s**2 + 21*s - 39. Determine p(-19).
-77
Let v(d) = d**2 - 54*d - 845. Determine v(-13).
26
Let m(j) = 3*j**2 - 27*j - 31. What is m(9)?
-31
Let z(v) = 36*v + 101. Determine z(-5).
-79
Let l(c) = c**2 + 5*c - 966. Calculate l(27).
-102
Let s(c) = -20*c + 28. Give s(-15).
328
Let u(x) = -67*x + 1419. Calculate u(21).
12
Let b(w) = -5*w**2 + 97*w + 606. Calculate b(-5).
-4
Let y(a) = -a**3 + 10*a**2 + 25*a - 6. Determine y(12).
6
Let w(i) = -23*i**2 - 414*i + 15. Determine w(-18).
15
Let p(n) = -49*n - 2623. Give p(-54).
23
Let d(j) = 371*j + 4297. What 